{"id":49,"date":"2013-11-15T10:49:04","date_gmt":"2013-11-15T10:49:04","guid":{"rendered":"http:\/\/bonafides.it\/wordpress\/?page_id=49"},"modified":"2014-03-26T14:51:07","modified_gmt":"2014-03-26T14:51:07","slug":"concorso-ragazzi","status":"publish","type":"page","link":"http:\/\/bonafides.it\/wordpress\/concorso-letterario\/concorso-ragazzi\/","title":{"rendered":"Concorso ragazzi"},"content":{"rendered":"<p><strong>Ciao sono la tua Costituzione!<\/strong><\/p>\n<p><a href=\"https:\/\/i0.wp.com\/bonafides.it\/wordpress\/wp-content\/uploads\/2013\/11\/Costituzione.jpg\"><img data-attachment-id=\"170\" data-permalink=\"http:\/\/bonafides.it\/wordpress\/partecipa-al-concorso-letterario\/costituzione\/\" data-orig-file=\"https:\/\/i0.wp.com\/bonafides.it\/wordpress\/wp-content\/uploads\/2013\/11\/Costituzione.jpg?fit=480%2C315\" data-orig-size=\"480,315\" data-comments-opened=\"1\" data-image-meta=\"{&quot;aperture&quot;:&quot;0&quot;,&quot;credit&quot;:&quot;&quot;,&quot;camera&quot;:&quot;&quot;,&quot;caption&quot;:&quot;&quot;,&quot;created_timestamp&quot;:&quot;0&quot;,&quot;copyright&quot;:&quot;&quot;,&quot;focal_length&quot;:&quot;0&quot;,&quot;iso&quot;:&quot;0&quot;,&quot;shutter_speed&quot;:&quot;0&quot;,&quot;title&quot;:&quot;&quot;}\" data-image-title=\"Costituzione\" data-image-description=\"\" data-image-caption=\"\" data-medium-file=\"https:\/\/i0.wp.com\/bonafides.it\/wordpress\/wp-content\/uploads\/2013\/11\/Costituzione.jpg?fit=300%2C196\" data-large-file=\"https:\/\/i0.wp.com\/bonafides.it\/wordpress\/wp-content\/uploads\/2013\/11\/Costituzione.jpg?fit=480%2C315\" decoding=\"async\" loading=\"lazy\" class=\"aligncenter size-medium wp-image-170\" alt=\"Costituzione\" src=\"https:\/\/i0.wp.com\/bonafides.it\/wordpress\/wp-content\/uploads\/2013\/11\/Costituzione.jpg?resize=300%2C196\" width=\"300\" height=\"196\" srcset=\"https:\/\/i0.wp.com\/bonafides.it\/wordpress\/wp-content\/uploads\/2013\/11\/Costituzione.jpg?resize=300%2C196 300w, https:\/\/i0.wp.com\/bonafides.it\/wordpress\/wp-content\/uploads\/2013\/11\/Costituzione.jpg?resize=457%2C300 457w, https:\/\/i0.wp.com\/bonafides.it\/wordpress\/wp-content\/uploads\/2013\/11\/Costituzione.jpg?w=480 480w\" sizes=\"(max-width: 300px) 100vw, 300px\" data-recalc-dims=\"1\" \/><\/a><\/p>\n<p>&nbsp;<\/p>\n<p>Ho oramai pi\u00f9 di sessanta anni, ma nello spirito sono ancora giovane e piena di buoni propositi! Sono fatta di tanti articoli, 139.<\/p>\n<p>Prima o poi mi leggerai tutta,\u00a0 ma oggi voglio presentarmi con questo articolo che dice:<\/p>\n<p><em><strong>Art. 3<\/strong><\/em><\/p>\n<p><i>Tutti i cittadini hanno pari dignit\u00e0 sociale e sono eguali davanti alla legge, senza distinzione di sesso, di razza, di lingua, di religione, di opinioni politiche, di condizioni personali e sociali.<\/i><\/p>\n<p><i>\u00c8 compito della Repubblica rimuovere gli ostacoli di ordine economico e sociale, che, limitando di fatto la libert\u00e0 e la uguaglianza dei cittadini, impediscono il pieno sviluppo della persona umana e l&#8217;effettiva partecipazione di tutti i lavoratori all&#8217;organizzazione politica, economica e sociale del Paese.<\/i><\/p>\n<p>Hai letto? Lo trovi un po\u2019 difficile? Beh se posso aiutarti prova a riflettere su questa frase:<\/p>\n<p><i>\u00a0\u201cMaschi o femmine, con la pelle gialla, bianca o nera, ricchi o poveri, di qualunque religione, siamo comunque tutti\u00a0 uguali\u201d<\/i><\/p>\n<p>Cosa ti fa pensare questa frase \u2013 questo articolo?<\/p>\n<p>Se hai fino a 14 anni raccontacelo con un testo, un disegno o una fotografia o anche una combinazione di questi tre elementi.<\/p>\n<p align=\"center\"><strong>1\u00b0 concorso artistico \u2013 letterario del Quartiere Giardino di Roma<\/strong><\/p>\n<div>\n<p align=\"center\"><strong>LE RADICI DEL NOSTRO CUORE<\/strong><\/p>\n<p>La nostra \u00e8 una delle Costituzioni pi\u00f9 belle del mondo. In questo momento di crisi e di tante difficolt\u00e0, sentiamo un gran bisogno di ritrovarci e parlare di quelli che sono i principi della nostra societ\u00e0 civile. Sono gli ideali che fa bene al cuore tenere presenti, anche nei momenti in cui ci sentiamo pi\u00f9 lontani da essi \u2026 Fai sentire la tua voce!<\/p>\n<\/div>\n<p><strong>Estratto del regolamento<\/strong>: la partecipazione \u00e8 aperta ai residenti del Quartiere Giardino di Roma. La Giuria raccoglier\u00e0 i contributi via internet, via posta elettronica inviando il tuo elaborato a\u00a0<a href=\"mailto:concorso_letterario@bonafides.it\" target=\"_blank\">concorso_letterario@bonafides.it<\/a>, oppure in formato cartaceo presso il centro servizi BRAVO di via Cacini.<\/p>\n<p>Il regolamento completo \u00e8\u00a0<a href=\"http:\/\/www.bonafides.it\/wordpress\/wp-content\/uploads\/2013\/11\/Concorso_Letterario_2013_Regolamento.pdf\" target=\"_blank\">qui<\/a>.<\/p>\n<p><strong>Per inviare l&#8217;elaborato clicca\u00a0<a href=\"http:\/\/www.giardinodiroma.eu\/concorsoletterario\/invioconcorsoragazzi\/\">qui<\/a>.<\/strong><\/p>\n<p>Verr\u00e0 premiata la creativit\u00e0 e l\u2019originalit\u00e0 dei contributi, secondo la tipologia dei medesimi (adulti\/bambini \u2013 fotografia\/testo\/disegno)<\/p>\n<p><strong>Scadenza del termine per la presentazione degli elaborati: 31 dicembre 2013<\/strong><\/p>\n","protected":false},"excerpt":{"rendered":"<p>Ciao sono la tua Costituzione! &nbsp; Ho oramai pi\u00f9 di sessanta anni, ma nello spirito sono ancora giovane e piena di buoni propositi! Sono fatta di tanti articoli, 139. Prima o poi mi leggerai tutta,\u00a0 ma oggi voglio presentarmi con &hellip; <a href=\"http:\/\/bonafides.it\/wordpress\/concorso-letterario\/concorso-ragazzi\/\">Continua a leggere<span class=\"meta-nav\">&rarr;<\/span><\/a><\/p>\n","protected":false},"author":1,"featured_media":0,"parent":36,"menu_order":0,"comment_status":"closed","ping_status":"closed","template":"","meta":{"jetpack_post_was_ever_published":false},"yoast_head":"<!-- This site is optimized with the Yoast SEO plugin v20.4 - https:\/\/yoast.com\/wordpress\/plugins\/seo\/ -->\n<title>Concorso ragazzi - Bona Fides<\/title>\n<meta name=\"robots\" content=\"index, follow, max-snippet:-1, max-image-preview:large, max-video-preview:-1\" \/>\n<link rel=\"canonical\" href=\"http:\/\/bonafides.it\/wordpress\/concorso-letterario\/concorso-ragazzi\/\" \/>\n<meta property=\"og:locale\" content=\"it_IT\" \/>\n<meta property=\"og:type\" content=\"article\" \/>\n<meta property=\"og:title\" content=\"Concorso ragazzi - Bona Fides\" \/>\n<meta property=\"og:description\" content=\"Ciao sono la tua Costituzione! &nbsp; Ho oramai pi\u00f9 di sessanta anni, ma nello spirito sono ancora giovane e piena di buoni propositi! Sono fatta di tanti articoli, 139. Prima o poi mi leggerai tutta,\u00a0 ma oggi voglio presentarmi con &hellip; Continua a leggere&rarr;\" \/>\n<meta property=\"og:url\" content=\"http:\/\/bonafides.it\/wordpress\/concorso-letterario\/concorso-ragazzi\/\" \/>\n<meta property=\"og:site_name\" content=\"Bona Fides\" \/>\n<meta property=\"article:publisher\" content=\"https:\/\/www.facebook.com\/associazioneBonaFides\/\" \/>\n<meta property=\"article:modified_time\" content=\"2014-03-26T14:51:07+00:00\" \/>\n<meta property=\"og:image\" content=\"http:\/\/bonafides.it\/wordpress\/wp-content\/uploads\/2013\/11\/Costituzione-300x196.jpg\" \/>\n<meta name=\"twitter:card\" content=\"summary_large_image\" \/>\n<meta name=\"twitter:site\" content=\"@AssBonafides\" \/>\n<meta name=\"twitter:label1\" content=\"Tempo di lettura stimato\" \/>\n\t<meta name=\"twitter:data1\" content=\"2 minuti\" \/>\n<script type=\"application\/ld+json\" class=\"yoast-schema-graph\">{\"@context\":\"https:\/\/schema.org\",\"@graph\":[{\"@type\":\"WebPage\",\"@id\":\"http:\/\/bonafides.it\/wordpress\/concorso-letterario\/concorso-ragazzi\/\",\"url\":\"http:\/\/bonafides.it\/wordpress\/concorso-letterario\/concorso-ragazzi\/\",\"name\":\"Concorso ragazzi - Bona Fides\",\"isPartOf\":{\"@id\":\"http:\/\/bonafides.it\/wordpress\/#website\"},\"datePublished\":\"2013-11-15T10:49:04+00:00\",\"dateModified\":\"2014-03-26T14:51:07+00:00\",\"breadcrumb\":{\"@id\":\"http:\/\/bonafides.it\/wordpress\/concorso-letterario\/concorso-ragazzi\/#breadcrumb\"},\"inLanguage\":\"it-IT\",\"potentialAction\":[{\"@type\":\"ReadAction\",\"target\":[\"http:\/\/bonafides.it\/wordpress\/concorso-letterario\/concorso-ragazzi\/\"]}]},{\"@type\":\"BreadcrumbList\",\"@id\":\"http:\/\/bonafides.it\/wordpress\/concorso-letterario\/concorso-ragazzi\/#breadcrumb\",\"itemListElement\":[{\"@type\":\"ListItem\",\"position\":1,\"name\":\"Home\",\"item\":\"http:\/\/bonafides.it\/wordpress\/\"},{\"@type\":\"ListItem\",\"position\":2,\"name\":\"Concorso letterario\",\"item\":\"http:\/\/bonafides.it\/wordpress\/concorso-letterario\/\"},{\"@type\":\"ListItem\",\"position\":3,\"name\":\"Concorso ragazzi\"}]},{\"@type\":\"WebSite\",\"@id\":\"http:\/\/bonafides.it\/wordpress\/#website\",\"url\":\"http:\/\/bonafides.it\/wordpress\/\",\"name\":\"Bona Fides\",\"description\":\"Associazione Culturale\",\"potentialAction\":[{\"@type\":\"SearchAction\",\"target\":{\"@type\":\"EntryPoint\",\"urlTemplate\":\"http:\/\/bonafides.it\/wordpress\/?s={search_term_string}\"},\"query-input\":\"required name=search_term_string\"}],\"inLanguage\":\"it-IT\"}]}<\/script>\n<!-- \/ Yoast SEO plugin. -->","yoast_head_json":{"title":"Concorso ragazzi - Bona Fides","robots":{"index":"index","follow":"follow","max-snippet":"max-snippet:-1","max-image-preview":"max-image-preview:large","max-video-preview":"max-video-preview:-1"},"canonical":"http:\/\/bonafides.it\/wordpress\/concorso-letterario\/concorso-ragazzi\/","og_locale":"it_IT","og_type":"article","og_title":"Concorso ragazzi - Bona Fides","og_description":"Ciao sono la tua Costituzione! &nbsp; Ho oramai pi\u00f9 di sessanta anni, ma nello spirito sono ancora giovane e piena di buoni propositi! Sono fatta di tanti articoli, 139. Prima o poi mi leggerai tutta,\u00a0 ma oggi voglio presentarmi con &hellip; Continua a leggere&rarr;","og_url":"http:\/\/bonafides.it\/wordpress\/concorso-letterario\/concorso-ragazzi\/","og_site_name":"Bona Fides","article_publisher":"https:\/\/www.facebook.com\/associazioneBonaFides\/","article_modified_time":"2014-03-26T14:51:07+00:00","og_image":[{"url":"http:\/\/bonafides.it\/wordpress\/wp-content\/uploads\/2013\/11\/Costituzione-300x196.jpg"}],"twitter_card":"summary_large_image","twitter_site":"@AssBonafides","twitter_misc":{"Tempo di lettura stimato":"2 minuti"},"schema":{"@context":"https:\/\/schema.org","@graph":[{"@type":"WebPage","@id":"http:\/\/bonafides.it\/wordpress\/concorso-letterario\/concorso-ragazzi\/","url":"http:\/\/bonafides.it\/wordpress\/concorso-letterario\/concorso-ragazzi\/","name":"Concorso ragazzi - Bona Fides","isPartOf":{"@id":"http:\/\/bonafides.it\/wordpress\/#website"},"datePublished":"2013-11-15T10:49:04+00:00","dateModified":"2014-03-26T14:51:07+00:00","breadcrumb":{"@id":"http:\/\/bonafides.it\/wordpress\/concorso-letterario\/concorso-ragazzi\/#breadcrumb"},"inLanguage":"it-IT","potentialAction":[{"@type":"ReadAction","target":["http:\/\/bonafides.it\/wordpress\/concorso-letterario\/concorso-ragazzi\/"]}]},{"@type":"BreadcrumbList","@id":"http:\/\/bonafides.it\/wordpress\/concorso-letterario\/concorso-ragazzi\/#breadcrumb","itemListElement":[{"@type":"ListItem","position":1,"name":"Home","item":"http:\/\/bonafides.it\/wordpress\/"},{"@type":"ListItem","position":2,"name":"Concorso letterario","item":"http:\/\/bonafides.it\/wordpress\/concorso-letterario\/"},{"@type":"ListItem","position":3,"name":"Concorso ragazzi"}]},{"@type":"WebSite","@id":"http:\/\/bonafides.it\/wordpress\/#website","url":"http:\/\/bonafides.it\/wordpress\/","name":"Bona Fides","description":"Associazione Culturale","potentialAction":[{"@type":"SearchAction","target":{"@type":"EntryPoint","urlTemplate":"http:\/\/bonafides.it\/wordpress\/?s={search_term_string}"},"query-input":"required name=search_term_string"}],"inLanguage":"it-IT"}]}},"jetpack_shortlink":"https:\/\/wp.me\/P46epK-N","jetpack_sharing_enabled":true,"jetpack-related-posts":[{"id":46,"url":"http:\/\/bonafides.it\/wordpress\/concorso-letterario\/concorso-adulti\/","url_meta":{"origin":49,"position":0},"title":"Concorso adulti","date":"15 Novembre 2013","format":false,"excerpt":"Ti piace scrivere? Ti piace disegnare e fare fotografie? L\u2019Associazione\u00a0Bona Fides\u00a0ti propone di partecipare al\u00a01\u00b0 concorso artistico \u2013 letterario del quartiere\u00a0Giardino di Roma: LE RADICI DEL NOSTRO CUORE La nostra \u00e8 una delle Costituzioni pi\u00f9 belle del mondo. In questo momento di crisi e di tante difficolt\u00e0, sentiamo un gran\u2026","rel":"","context":"Articolo simile","img":{"alt_text":"","src":"","width":0,"height":0},"classes":[]},{"id":2,"url":"http:\/\/bonafides.it\/wordpress\/sample-page\/","url_meta":{"origin":49,"position":1},"title":"Statuto","date":"6 Novembre 2013","format":false,"excerpt":"Art. 1.\u00a0E' costituita l'Associazione denominata:\u00a0Bona Fides. L'Associazione \u00e8 aconfessionale, apartitica e indipendente: non si appoggia ad alcun partito politico e rifugge da qualsiasi propaganda materiale e spirituale che abbia rapporti con qualsiasi idea politica, pertanto possono associarsi anche coloro i quali siano stati o sono iscritti a partiti politici, od\u2026","rel":"","context":"Articolo simile","img":{"alt_text":"","src":"","width":0,"height":0},"classes":[]},{"id":34,"url":"http:\/\/bonafides.it\/wordpress\/info\/","url_meta":{"origin":49,"position":2},"title":"Info","date":"15 Novembre 2013","format":false,"excerpt":"Bona Fides\u00a0\u00e8 un'associazione culturale no profit che svolge la sua attivit\u00e0 principalmente del quartiere\u00a0Giardino di Roma. La nostra sede legale \u00e8 presso Via Pietro Gherardi 6, 00125 Roma. Su Facebook la nostra pagina \u00e8\u00a0Associazione Bona Fides Su Twitter puoi seguirci su\u00a0@AssBonafides Puoi contattarci via mail tramite questo modulo \u00a0 Cos\u2019\u00e8?\u2026","rel":"","context":"Articolo simile","img":{"alt_text":"","src":"https:\/\/i0.wp.com\/www.giardinodiroma.eu\/wp-content\/uploads\/2012\/12\/bonafides_logo_white-300x289.jpg?resize=350%2C200","width":350,"height":200},"classes":[]},{"id":30,"url":"http:\/\/bonafides.it\/wordpress\/info\/privacy\/","url_meta":{"origin":49,"position":3},"title":"Privacy","date":"15 Novembre 2013","format":false,"excerpt":"Informativa per il trattamento dei dati personali Documento informativo ai sensi dell\u2019art. 13, D.Lgs. 30 giugno 2003, n. 196 (Codice in materia di protezione dei dati personali), e relativo consenso al trattamento. L'Associazione Culturale \"Bona Fides\" informa che i dati personali in suo possesso saranno trattati secondo i principi di\u2026","rel":"","context":"Articolo simile","img":{"alt_text":"","src":"","width":0,"height":0},"classes":[]}],"_links":{"self":[{"href":"http:\/\/bonafides.it\/wordpress\/wp-json\/wp\/v2\/pages\/49"}],"collection":[{"href":"http:\/\/bonafides.it\/wordpress\/wp-json\/wp\/v2\/pages"}],"about":[{"href":"http:\/\/bonafides.it\/wordpress\/wp-json\/wp\/v2\/types\/page"}],"author":[{"embeddable":true,"href":"http:\/\/bonafides.it\/wordpress\/wp-json\/wp\/v2\/users\/1"}],"replies":[{"embeddable":true,"href":"http:\/\/bonafides.it\/wordpress\/wp-json\/wp\/v2\/comments?post=49"}],"version-history":[{"count":4,"href":"http:\/\/bonafides.it\/wordpress\/wp-json\/wp\/v2\/pages\/49\/revisions"}],"predecessor-version":[{"id":173,"href":"http:\/\/bonafides.it\/wordpress\/wp-json\/wp\/v2\/pages\/49\/revisions\/173"}],"up":[{"embeddable":true,"href":"http:\/\/bonafides.it\/wordpress\/wp-json\/wp\/v2\/pages\/36"}],"wp:attachment":[{"href":"http:\/\/bonafides.it\/wordpress\/wp-json\/wp\/v2\/media?parent=49"}],"curies":[{"name":"wp","href":"https:\/\/api.w.org\/{rel}","templated":true}]}}