{"id":36,"date":"2013-11-15T10:13:45","date_gmt":"2013-11-15T10:13:45","guid":{"rendered":"http:\/\/bonafides.it\/wordpress\/?page_id=36"},"modified":"2014-03-26T14:50:38","modified_gmt":"2014-03-26T14:50:38","slug":"concorso-letterario","status":"publish","type":"page","link":"http:\/\/bonafides.it\/wordpress\/concorso-letterario\/","title":{"rendered":"Concorso letterario"},"content":{"rendered":"<p>Ti piace scrivere? Ti piace disegnare e fare fotografie?<\/p>\n<p><a href=\"https:\/\/i0.wp.com\/bonafides.it\/wordpress\/wp-content\/uploads\/2013\/11\/Costituzione.jpg\"><img data-attachment-id=\"170\" data-permalink=\"http:\/\/bonafides.it\/wordpress\/partecipa-al-concorso-letterario\/costituzione\/\" data-orig-file=\"https:\/\/i0.wp.com\/bonafides.it\/wordpress\/wp-content\/uploads\/2013\/11\/Costituzione.jpg?fit=480%2C315\" data-orig-size=\"480,315\" data-comments-opened=\"1\" data-image-meta=\"{&quot;aperture&quot;:&quot;0&quot;,&quot;credit&quot;:&quot;&quot;,&quot;camera&quot;:&quot;&quot;,&quot;caption&quot;:&quot;&quot;,&quot;created_timestamp&quot;:&quot;0&quot;,&quot;copyright&quot;:&quot;&quot;,&quot;focal_length&quot;:&quot;0&quot;,&quot;iso&quot;:&quot;0&quot;,&quot;shutter_speed&quot;:&quot;0&quot;,&quot;title&quot;:&quot;&quot;}\" data-image-title=\"Costituzione\" data-image-description=\"\" data-image-caption=\"\" data-medium-file=\"https:\/\/i0.wp.com\/bonafides.it\/wordpress\/wp-content\/uploads\/2013\/11\/Costituzione.jpg?fit=300%2C196\" data-large-file=\"https:\/\/i0.wp.com\/bonafides.it\/wordpress\/wp-content\/uploads\/2013\/11\/Costituzione.jpg?fit=480%2C315\" decoding=\"async\" loading=\"lazy\" class=\"aligncenter size-medium wp-image-170\" alt=\"Costituzione\" src=\"https:\/\/i0.wp.com\/bonafides.it\/wordpress\/wp-content\/uploads\/2013\/11\/Costituzione.jpg?resize=300%2C196\" width=\"300\" height=\"196\" srcset=\"https:\/\/i0.wp.com\/bonafides.it\/wordpress\/wp-content\/uploads\/2013\/11\/Costituzione.jpg?resize=300%2C196 300w, https:\/\/i0.wp.com\/bonafides.it\/wordpress\/wp-content\/uploads\/2013\/11\/Costituzione.jpg?resize=457%2C300 457w, https:\/\/i0.wp.com\/bonafides.it\/wordpress\/wp-content\/uploads\/2013\/11\/Costituzione.jpg?w=480 480w\" sizes=\"(max-width: 300px) 100vw, 300px\" data-recalc-dims=\"1\" \/><\/a><\/p>\n<p>L\u2019Associazione\u00a0<em>Bona Fides<\/em>\u00a0ti propone di partecipare al\u00a0<strong>1\u00b0 concorso artistico \u2013 letterario del quartiere\u00a0<em>Giardino di Roma<\/em><\/strong>:<\/p>\n<p><strong>LE RADICI DEL NOSTRO CUORE<\/strong><\/p>\n<p>La nostra \u00e8 una delle Costituzioni pi\u00f9 belle del mondo. In questo momento di crisi e di tante difficolt\u00e0, sentiamo un gran bisogno di ritrovarci e parlare di quelli che sono i principi della nostra societ\u00e0 civile. Sono gli ideali che fa bene al cuore tenere presenti, anche nei momenti in cui ci sentiamo pi\u00f9 lontani da essi \u2026 Fai sentire la tua voce!<\/p>\n<p>Hai meno di 14 anni? Clicca\u00a0<a href=\"http:\/\/bonafides.it\/wordpress\/concorso-letterario\/concorso-ragazzi\/\">qui<\/a>.<\/p>\n<p>Hai pi\u00f9 di 14 anni? Allora clicca\u00a0<a href=\"http:\/\/bonafides.it\/wordpress\/concorso-letterario\/concorso-adulti\/\">qui<\/a>.<\/p>\n<p><strong>Estratto del regolamento<\/strong>: la partecipazione \u00e8 aperta ai residenti del Quartiere. La Giuria raccoglier\u00e0 i contributi via internet, via posta elettronica inviando il tuo elaborato a\u00a0<a href=\"mailto:concorso_letterario@bonafides.it\" target=\"_blank\">concorso_letterario@bonafides.it<\/a>, oppure in formato cartaceo presso il Centro Servizi BRAVO di via Cacini, 15.<\/p>\n<p>Per il regolamento completo clicca\u00a0<a href=\"http:\/\/www.bonafides.it\/wordpress\/wp-content\/uploads\/2013\/11\/Concorso_Letterario_2013_Regolamento.pdf\" target=\"_blank\">qui<\/a>.<\/p>\n<p>Verr\u00e0 premiata la creativit\u00e0 e l\u2019originalit\u00e0 dei contributi, secondo la tipologia dei medesimi (adulti\/bambini \u2013 fotografia\/testo\/disegno)<\/p>\n<p><strong>Scadenza del termine per la presentazione degli elaborati: 31 dicembre 2013<\/strong><\/p>\n","protected":false},"excerpt":{"rendered":"<p>Ti piace scrivere? Ti piace disegnare e fare fotografie? L\u2019Associazione\u00a0Bona Fides\u00a0ti propone di partecipare al\u00a01\u00b0 concorso artistico \u2013 letterario del quartiere\u00a0Giardino di Roma: LE RADICI DEL NOSTRO CUORE La nostra \u00e8 una delle Costituzioni pi\u00f9 belle del mondo. In questo &hellip; <a href=\"http:\/\/bonafides.it\/wordpress\/concorso-letterario\/\">Continua a leggere<span class=\"meta-nav\">&rarr;<\/span><\/a><\/p>\n","protected":false},"author":1,"featured_media":0,"parent":0,"menu_order":20,"comment_status":"closed","ping_status":"closed","template":"","meta":{"jetpack_post_was_ever_published":false},"yoast_head":"<!-- This site is optimized with the Yoast SEO plugin v20.4 - https:\/\/yoast.com\/wordpress\/plugins\/seo\/ -->\n<title>Concorso letterario - Bona Fides<\/title>\n<meta name=\"robots\" content=\"index, follow, max-snippet:-1, max-image-preview:large, max-video-preview:-1\" \/>\n<link rel=\"canonical\" href=\"http:\/\/bonafides.it\/wordpress\/concorso-letterario\/\" \/>\n<meta property=\"og:locale\" content=\"it_IT\" \/>\n<meta property=\"og:type\" content=\"article\" \/>\n<meta property=\"og:title\" content=\"Concorso letterario - Bona Fides\" \/>\n<meta property=\"og:description\" content=\"Ti piace scrivere? Ti piace disegnare e fare fotografie? L\u2019Associazione\u00a0Bona Fides\u00a0ti propone di partecipare al\u00a01\u00b0 concorso artistico \u2013 letterario del quartiere\u00a0Giardino di Roma: LE RADICI DEL NOSTRO CUORE La nostra \u00e8 una delle Costituzioni pi\u00f9 belle del mondo. In questo &hellip; Continua a leggere&rarr;\" \/>\n<meta property=\"og:url\" content=\"http:\/\/bonafides.it\/wordpress\/concorso-letterario\/\" \/>\n<meta property=\"og:site_name\" content=\"Bona Fides\" \/>\n<meta property=\"article:publisher\" content=\"https:\/\/www.facebook.com\/associazioneBonaFides\/\" \/>\n<meta property=\"article:modified_time\" content=\"2014-03-26T14:50:38+00:00\" \/>\n<meta property=\"og:image\" content=\"http:\/\/bonafides.it\/wordpress\/wp-content\/uploads\/2013\/11\/Costituzione-300x196.jpg\" \/>\n<meta name=\"twitter:card\" content=\"summary_large_image\" \/>\n<meta name=\"twitter:site\" content=\"@AssBonafides\" \/>\n<meta name=\"twitter:label1\" content=\"Tempo di lettura stimato\" \/>\n\t<meta name=\"twitter:data1\" content=\"1 minuto\" \/>\n<script type=\"application\/ld+json\" class=\"yoast-schema-graph\">{\"@context\":\"https:\/\/schema.org\",\"@graph\":[{\"@type\":\"WebPage\",\"@id\":\"http:\/\/bonafides.it\/wordpress\/concorso-letterario\/\",\"url\":\"http:\/\/bonafides.it\/wordpress\/concorso-letterario\/\",\"name\":\"Concorso letterario - Bona Fides\",\"isPartOf\":{\"@id\":\"http:\/\/bonafides.it\/wordpress\/#website\"},\"datePublished\":\"2013-11-15T10:13:45+00:00\",\"dateModified\":\"2014-03-26T14:50:38+00:00\",\"breadcrumb\":{\"@id\":\"http:\/\/bonafides.it\/wordpress\/concorso-letterario\/#breadcrumb\"},\"inLanguage\":\"it-IT\",\"potentialAction\":[{\"@type\":\"ReadAction\",\"target\":[\"http:\/\/bonafides.it\/wordpress\/concorso-letterario\/\"]}]},{\"@type\":\"BreadcrumbList\",\"@id\":\"http:\/\/bonafides.it\/wordpress\/concorso-letterario\/#breadcrumb\",\"itemListElement\":[{\"@type\":\"ListItem\",\"position\":1,\"name\":\"Home\",\"item\":\"http:\/\/bonafides.it\/wordpress\/\"},{\"@type\":\"ListItem\",\"position\":2,\"name\":\"Concorso letterario\"}]},{\"@type\":\"WebSite\",\"@id\":\"http:\/\/bonafides.it\/wordpress\/#website\",\"url\":\"http:\/\/bonafides.it\/wordpress\/\",\"name\":\"Bona Fides\",\"description\":\"Associazione Culturale\",\"potentialAction\":[{\"@type\":\"SearchAction\",\"target\":{\"@type\":\"EntryPoint\",\"urlTemplate\":\"http:\/\/bonafides.it\/wordpress\/?s={search_term_string}\"},\"query-input\":\"required name=search_term_string\"}],\"inLanguage\":\"it-IT\"}]}<\/script>\n<!-- \/ Yoast SEO plugin. -->","yoast_head_json":{"title":"Concorso letterario - Bona Fides","robots":{"index":"index","follow":"follow","max-snippet":"max-snippet:-1","max-image-preview":"max-image-preview:large","max-video-preview":"max-video-preview:-1"},"canonical":"http:\/\/bonafides.it\/wordpress\/concorso-letterario\/","og_locale":"it_IT","og_type":"article","og_title":"Concorso letterario - Bona Fides","og_description":"Ti piace scrivere? Ti piace disegnare e fare fotografie? L\u2019Associazione\u00a0Bona Fides\u00a0ti propone di partecipare al\u00a01\u00b0 concorso artistico \u2013 letterario del quartiere\u00a0Giardino di Roma: LE RADICI DEL NOSTRO CUORE La nostra \u00e8 una delle Costituzioni pi\u00f9 belle del mondo. In questo &hellip; Continua a leggere&rarr;","og_url":"http:\/\/bonafides.it\/wordpress\/concorso-letterario\/","og_site_name":"Bona Fides","article_publisher":"https:\/\/www.facebook.com\/associazioneBonaFides\/","article_modified_time":"2014-03-26T14:50:38+00:00","og_image":[{"url":"http:\/\/bonafides.it\/wordpress\/wp-content\/uploads\/2013\/11\/Costituzione-300x196.jpg"}],"twitter_card":"summary_large_image","twitter_site":"@AssBonafides","twitter_misc":{"Tempo di lettura stimato":"1 minuto"},"schema":{"@context":"https:\/\/schema.org","@graph":[{"@type":"WebPage","@id":"http:\/\/bonafides.it\/wordpress\/concorso-letterario\/","url":"http:\/\/bonafides.it\/wordpress\/concorso-letterario\/","name":"Concorso letterario - Bona Fides","isPartOf":{"@id":"http:\/\/bonafides.it\/wordpress\/#website"},"datePublished":"2013-11-15T10:13:45+00:00","dateModified":"2014-03-26T14:50:38+00:00","breadcrumb":{"@id":"http:\/\/bonafides.it\/wordpress\/concorso-letterario\/#breadcrumb"},"inLanguage":"it-IT","potentialAction":[{"@type":"ReadAction","target":["http:\/\/bonafides.it\/wordpress\/concorso-letterario\/"]}]},{"@type":"BreadcrumbList","@id":"http:\/\/bonafides.it\/wordpress\/concorso-letterario\/#breadcrumb","itemListElement":[{"@type":"ListItem","position":1,"name":"Home","item":"http:\/\/bonafides.it\/wordpress\/"},{"@type":"ListItem","position":2,"name":"Concorso letterario"}]},{"@type":"WebSite","@id":"http:\/\/bonafides.it\/wordpress\/#website","url":"http:\/\/bonafides.it\/wordpress\/","name":"Bona Fides","description":"Associazione Culturale","potentialAction":[{"@type":"SearchAction","target":{"@type":"EntryPoint","urlTemplate":"http:\/\/bonafides.it\/wordpress\/?s={search_term_string}"},"query-input":"required name=search_term_string"}],"inLanguage":"it-IT"}]}},"jetpack_shortlink":"https:\/\/wp.me\/P46epK-A","jetpack_sharing_enabled":true,"jetpack-related-posts":[{"id":46,"url":"http:\/\/bonafides.it\/wordpress\/concorso-letterario\/concorso-adulti\/","url_meta":{"origin":36,"position":0},"title":"Concorso adulti","date":"15 Novembre 2013","format":false,"excerpt":"Ti piace scrivere? Ti piace disegnare e fare fotografie? L\u2019Associazione\u00a0Bona Fides\u00a0ti propone di partecipare al\u00a01\u00b0 concorso artistico \u2013 letterario del quartiere\u00a0Giardino di Roma: LE RADICI DEL NOSTRO CUORE La nostra \u00e8 una delle Costituzioni pi\u00f9 belle del mondo. In questo momento di crisi e di tante difficolt\u00e0, sentiamo un gran\u2026","rel":"","context":"Articolo simile","img":{"alt_text":"","src":"","width":0,"height":0},"classes":[]},{"id":49,"url":"http:\/\/bonafides.it\/wordpress\/concorso-letterario\/concorso-ragazzi\/","url_meta":{"origin":36,"position":1},"title":"Concorso ragazzi","date":"15 Novembre 2013","format":false,"excerpt":"Ciao sono la tua Costituzione! \u00a0 Ho oramai pi\u00f9 di sessanta anni, ma nello spirito sono ancora giovane e piena di buoni propositi! Sono fatta di tanti articoli, 139. Prima o poi mi leggerai tutta,\u00a0 ma oggi voglio presentarmi con questo articolo che dice: Art. 3 Tutti i cittadini hanno\u2026","rel":"","context":"Articolo simile","img":{"alt_text":"","src":"","width":0,"height":0},"classes":[]},{"id":51,"url":"http:\/\/bonafides.it\/wordpress\/concorso-letterario\/invio-concorso\/","url_meta":{"origin":36,"position":2},"title":"Invio iscrizione Concorso (per adulti)","date":"15 Novembre 2013","format":false,"excerpt":"Per consegnare in cartaceo\u00a0consegnare il modulo di iscrizione (clicca\u00a0qui), la liberatoria (clicca\u00a0qui) e l'elaborato presso Bravo Centro Servizi, Via Cacini 15. Per consegnare via mail\u00a0allegare il modulo di iscrizione (clicca\u00a0qui), la liberatoria (clicca\u00a0qui) e l'elaborato a questo indirizzo:\u00a0concorso_letterario@bonafides.it Per l'invio online\u00a0utilizzare il form sottostante","rel":"","context":"Articolo simile","img":{"alt_text":"","src":"","width":0,"height":0},"classes":[]},{"id":53,"url":"http:\/\/bonafides.it\/wordpress\/concorso-letterario\/invio-concorso-ragazzi\/","url_meta":{"origin":36,"position":3},"title":"Invio iscrizione Concorso (per ragazzi)","date":"15 Novembre 2013","format":false,"excerpt":"Per consegnare in cartaceo\u00a0consegnare il modulo di iscrizione (clicca\u00a0qui), la liberatoria (clicca\u00a0qui) e l'elaborato presso Bravo Centro Servizi, Via Cacini 15. Per consegnare via mail\u00a0allegare il modulo di iscrizione (clicca\u00a0qui), la liberatoria (clicca\u00a0qui) e l'elaborato a questo indirizzo:\u00a0concorso_letterario@bonafides.it Per l'invio online\u00a0utilizzare il form sottostante","rel":"","context":"Articolo simile","img":{"alt_text":"","src":"","width":0,"height":0},"classes":[]},{"id":2,"url":"http:\/\/bonafides.it\/wordpress\/sample-page\/","url_meta":{"origin":36,"position":4},"title":"Statuto","date":"6 Novembre 2013","format":false,"excerpt":"Art. 1.\u00a0E' costituita l'Associazione denominata:\u00a0Bona Fides. L'Associazione \u00e8 aconfessionale, apartitica e indipendente: non si appoggia ad alcun partito politico e rifugge da qualsiasi propaganda materiale e spirituale che abbia rapporti con qualsiasi idea politica, pertanto possono associarsi anche coloro i quali siano stati o sono iscritti a partiti politici, od\u2026","rel":"","context":"Articolo simile","img":{"alt_text":"","src":"","width":0,"height":0},"classes":[]},{"id":34,"url":"http:\/\/bonafides.it\/wordpress\/info\/","url_meta":{"origin":36,"position":5},"title":"Info","date":"15 Novembre 2013","format":false,"excerpt":"Bona Fides\u00a0\u00e8 un'associazione culturale no profit che svolge la sua attivit\u00e0 principalmente del quartiere\u00a0Giardino di Roma. La nostra sede legale \u00e8 presso Via Pietro Gherardi 6, 00125 Roma. Su Facebook la nostra pagina \u00e8\u00a0Associazione Bona Fides Su Twitter puoi seguirci su\u00a0@AssBonafides Puoi contattarci via mail tramite questo modulo \u00a0 Cos\u2019\u00e8?\u2026","rel":"","context":"Articolo simile","img":{"alt_text":"","src":"https:\/\/i0.wp.com\/www.giardinodiroma.eu\/wp-content\/uploads\/2012\/12\/bonafides_logo_white-300x289.jpg?resize=350%2C200","width":350,"height":200},"classes":[]}],"_links":{"self":[{"href":"http:\/\/bonafides.it\/wordpress\/wp-json\/wp\/v2\/pages\/36"}],"collection":[{"href":"http:\/\/bonafides.it\/wordpress\/wp-json\/wp\/v2\/pages"}],"about":[{"href":"http:\/\/bonafides.it\/wordpress\/wp-json\/wp\/v2\/types\/page"}],"author":[{"embeddable":true,"href":"http:\/\/bonafides.it\/wordpress\/wp-json\/wp\/v2\/users\/1"}],"replies":[{"embeddable":true,"href":"http:\/\/bonafides.it\/wordpress\/wp-json\/wp\/v2\/comments?post=36"}],"version-history":[{"count":5,"href":"http:\/\/bonafides.it\/wordpress\/wp-json\/wp\/v2\/pages\/36\/revisions"}],"predecessor-version":[{"id":172,"href":"http:\/\/bonafides.it\/wordpress\/wp-json\/wp\/v2\/pages\/36\/revisions\/172"}],"wp:attachment":[{"href":"http:\/\/bonafides.it\/wordpress\/wp-json\/wp\/v2\/media?parent=36"}],"curies":[{"name":"wp","href":"https:\/\/api.w.org\/{rel}","templated":true}]}}